ns digit of i?
6
Let h(p) = 149*p + 1296. What is the thousands digit of h(14)?
3
Suppose -w + 4*o + 10 + 31 = 0, 2*o = -2*w + 92. What is the units digit of (-36)/w - 2559/(-5)?
1
Suppose 0 = -h + 2*k + 13011, 0 = -4*h + 14*k - 18*k + 52068. What is the hundreds digit of h?
0
Suppose l + 0*t - 776 = t, -4*t = 4*l - 3104. What is the tens digit of (-4)/12*0 + l?
7
Let i = 3056 - 592. What is the units digit of i?
4
Let l(h) = -72*h - 290. Let v be l(-4). Let q(k) = k**2 - k + 1. Let w be q(0). What is the units digit of w - 2*(v + 4 - 22)?
1
Let w be (-11)/1*(-4 - -6 - 1). Let g(s) = -74*s + 129. What is the tens digit of g(w)?
4
Suppose -15*s + 8*s = -105. Suppose -3*c = -s, -4*m + 0*m + 5*c = -1447. What is the tens digit of m?
6
Let z be (-7)/28 - (-18)/8. Let y be (-35)/20*z*-2. Suppose 3*m = -3*h + 399, -3*m = 2*h - y*m - 272. What is the hundreds digit of h?
1
Let g be (2 - 1)/((-16)/(-1712)). Let d = 129 - g. What is the units digit of d?
2
Let r(w) = 2*w**3 - 11*w**2 + 21*w - 11. Let b = -460 - -471. What is the tens digit of r(b)?
5
Let u = 21160 + -7595. What is the thousands digit of u?
3
Let r(u) = -7*u - 140. What is the hundreds digit of r(-79)?
4
Suppose -123*z + 2452576 = 38*z + 63*z. What is the units digit of z?
9
Suppose 8*p - 2*p = 2*p. Suppose p = 2*l + 3 + 1. What is the tens digit of (-1 - 0)/(l*4/168)?
2
What is the thousands digit of (-560082)/68*(-6)/9?
5
Let d(c) = 6*c**2 - 260*c + 524. What is the hundreds digit of d(-78)?
3
Suppose 4*a - 12 = -0*a. Let m be (1/a)/(4/60). Suppose -2*o + o + 4*v + 111 = 0, -5*o + 495 = -m*v. What is the units digit of o?
5
Let s = 19 - -456. Let c = 810 - s. What is the units digit of c?
5
Let r = 16364 - 8907. What is the tens digit of r?
5
Let q(j) = -2*j - 13. Let l be q(-8). Suppose 2*u - 1 = l*u. What is the units digit of -9 + 94 - 2*u?
7
Let z = 767 + -782. What is the hundreds digit of (5 - 19359/z) + (-4)/(-10)?
2
Suppose 77*r = 82*r - 17760. Suppose -r = -14*n + 6*n. Suppose 2*c - n = -124. What is the tens digit of c?
6
Let u = 73 + -71. Let k(a) = a**3 - a**2 - 3*a + 5. Let f be k(u). Suppose 2*z = -2*d + 18, -z - f*z + 57 = -3*d. What is the units digit of z?
2
Suppose 4*k + 2*r - 51344 = 0, 2*k - 2*r = 14456 + 11234. What is the units digit of k?
9
Suppose -6*u = -k - 4*u + 2780, -11060 = -4*k - 4*u. Suppose 2*y - 4*y = -2*b - k, 5*y - 6955 = -5*b. What is the hundreds digit of y?
3
Suppose 0 = -2*j - 4*m - 10, 0 = -4*j + 8*m - 4*m - 56. What is the units digit of (j + 9)*795/(-6)?
5
Let q = 483 - 372. Suppose 110*r - q*r = -984. What is the units digit of r?
4
Let t be (-8)/14 - (-72)/28. Let y be -6*t*35/(-20). What is the units digit of 1/2*(y + 29)?
5
Let d(p) = -p**2 + 22*p + 5. Let l be d(10). What is the units digit of (-4)/(-50) + 27240/l?
8
Let y(t) = 155*t + 64. Let r be y(11). Suppose 4*v + 4*s - 1764 = 0, 3*s - 8*s + r = 4*v. What is the tens digit of v?
3
Suppose 4005 = 37*g - 28*g. Let s = -151 + g. What is the hundreds digit of s?
2
Let z be -3*3/36*-2*6. Suppose 5*g = 4*s + 6*g + 16, 5 = z*s + 5*g. What is the tens digit of (2 + -138)*(s - -4)?
3
Suppose -211129 = -14*k + 150197. What is the thousands digit of k?
5
Let s(p) = p**3 + 10*p**2 + 17*p + 8. Let t be s(-8). Suppose -2*b - 4*m + 400 = 0, 3*b + t*m - 582 = 3*m. What is the units digit of b?
6
Let r(m) = -2*m**3 - 39*m**2 - 17*m + 92. Let z be r(-28). Suppose z = 51*k - 33*k. What is the hundreds digit of k?
7
Let m(r) = -47*r**3 - 3*r**2 + 7*r. Let d(i) = -i**3 - i**2 + 2*i. Let x(a) = 3*d(a) - m(a). Let w be (2/(-3))/(2/(-3)). What is the units digit of x(w)?
3
Suppose 34*k - 136459 = 11*k. What is the tens digit of k?
3
Let u(k) = 894*k - 7207. What is the hundreds digit of u(14)?
3
Let w be ((-66)/24)/11*(0 - -8). What is the tens digit of (0 - 801/w)/((-27)/(-36))?
3
Let l(w) = -161*w**3 - 16*w**2 + w - 3. What is the units digit of l(-3)?
7
Let v = -696 - -701. Suppose -v*p + 4*b + 859 = -1344, -4*p - b = -1775. What is the units digit of p?
3
Suppose 5*d - 5*c - 4725 = 0, 2*c = -2*d - 2*c + 1902. Let a = d - 368. What is the units digit of (-4 - -2)*a/(-6)?
3
Let c(r) be the first derivative of 3*r**4/4 - 2*r**3/3 + 1790*r + 128. What is the tens digit of c(0)?
9
Suppose -6*z + 10 = -z. Suppose 5*h - 35 = -2*u, u + z*h = 3*u. Suppose u*o - 91 - 689 = 0. What is the tens digit of o?
5
Suppose -v = 2*v + 4*n - 2376, 4*v - 4*n = 3168. Suppose -38*y = -39*y + v. Suppose y = 3*k + 3*k. What is the hundreds digit of k?
1
Let s be (-1 - 0)/1*409. Let t = 693 + s. Suppose 7*p - 3*p + 3*f = 542, 0 = 2*p - 5*f - t. What is the tens digit of p?
3
What is the thousands digit of (-13)/(14/(-3878) + 0)?
3
Let c = -3 - -9. Let y = 74 - c. Suppose 2*i = 4*n + 58 + y, 4*i = n + 217. What is the tens digit of i?
5
Let g = -12212 + 20581. What is the tens digit of g?
6
Let b(k) = k**3 + 5*k - 3. Let x be b(2). Suppose -3*y = -x, -3*u + 5*y + 434 = -1584. What is the units digit of u?
1
Suppose 5*t - 7 = 4*w, -4*w - 5*t + 14 + 9 = 0. Suppose -2*z + 3564 = 5*g + z, -5*z + 1437 = w*g. What is the tens digit of g?
1
Suppose -4*w = -15 - 5. Suppose -5*q - 4*j + 1043 = -8*j, 3*j + 1041 = w*q. What is the hundreds digit of q?
2
Let y be 74/26 + (-2)/(-13). Suppose 1295 = 2*l - 3*p, -l = -0*p - y*p - 655. Let c = -444 + l. What is the tens digit of c?
9
Suppose -3263700 = 39*l - 125*l. What is the units digit of l?
0
Suppose -15*m + 14*m = 67. Let u = m - -300. Let x = 348 - u. What is the units digit of x?
5
Let v(x) = -67*x**2 + 11*x + 12. Let s be v(8). What is the hundreds digit of s/(24/(-4)) - 6?
6
Let n(r) be the third derivative of -r**4/8 + 41*r**3/6 - r**2. Let a be n(8). Suppose 0 = 4*b + a - 73. What is the tens digit of b?
1
Suppose -u = 11*u - 3578 - 3598. What is the tens digit of u?
9
Suppose 3*z = 0, 0 = u - 5*z + 3. Let a = 70 - u. What is the units digit of a?
3
Let a(f) = f**3 + 111*f**2 - 255*f + 509. What is the units digit of a(-109)?
6
Let p = 23600 - 1187. What is the tens digit of p?
1
Let q be 15/6*(-136)/(-85). Suppose b + q*b = 5600. What is the units digit of b?
0
Let k(g) = 5*g**2 + g - 3. Suppose 0 = 3*v - 5 + 2, 30 = x + 4*v. Suppose -x = 2*m - 34. What is the tens digit of k(m)?
8
Let v = 3382 + 8760. What is the ten thousands digit of v?
1
Let f(w) = w**2 + 6*w - 31. Let k be f(13). Let c = 125 - 72. Let v = k - c. What is the tens digit of v?
6
Let p = 29907 + 1016. What is the ten thousands digit of p?
3
Let t = 73341 - 34447. What is the thousands digit of t?
8
Let r(d) = 19 - 116*d + 115*d + 1 - 3. Let j be r(5). Let w = j + -3. What is the units digit of w?
9
Let p(b) be the first derivative of 7*b**2/2 + 66*b - 106. What is the units digit of p(-7)?
7
Let y = 20614 + 5080. What is the ten thousands digit of y?
2
Suppose 0*a = 4*z + 2*a - 12, -2*a - 3 = z. Suppose -2309 - 309 = -z*i - 4*g, -g = -4*i + 2107. What is the hundreds digit of i?
5
Let h = 9781 - -1427. What is the tens digit of h?
0
Suppose -8*q + 3*q = 2*u - 78149, -4*q = -2*u - 62548. What is the tens digit of q?
3
What is the thousands digit of -146*((-1)/(6/1328) - 450/(-540))?
2
Let s(j) = -2030*j**3 + j**2 - 1. Let l be s(-1). Suppose -3*n - r + 1214 = 0, -4*r - r = 5*n - l. What is the units digit of n?
4
Let y = 51 + -55. Let v be -2 - -16 - 2/y*-4. What is the units digit of 1875/v + 3/4?
7
Suppose -4*i = 2*z - 2078, 0 = i - 4*z - 154 - 370. Let l = i - -858. What is the tens digit of l?
7
Let t(h) = -h**3 - 29*h**2 - 37*h - 46. Suppose 6 + 246 = -9*x. What is the units digit of t(x)?
6
What is the units digit of (-4)/14 - (-1120704)/14 - (1455 - 1461)?
6
Let o(c) = 307*c**2 - 68*c + 193. What is the thousands digit of o(3)?
2
Let k be (-381)/(-12)*(-56)/7. Let m = -166 - k. What is the tens digit of m?
8
Let i = -5 + 9. What is the tens digit of 5/i + (-11160)/(-32)?
5
Let n(u) = -612*u**3 - u**2 + u - 2. Let h be n(-2). Suppose 14*b - 10*b = h. Suppose -b - 370 = -8*x. What is the tens digit of x?
9
Let v(j) = -3*j. Let z be v(-16). What is the units digit of (-1)/(-8) + 4938/z + 4?
7
Let r be 897*8/(-24)*-7. Suppose -2090*o + r*o - 1113 = 0. What is the units digit of o?
1
Suppose -3 - 11 = -7*z. Suppose -6*h = -z*h. Suppose 8*x - 3*x - 270 = h. What is the tens digit of x?
5
Let d(j) be the first d